/6. Let p = m + f. Is p a prime number?
False
Let u be (1/(1/(-2)))/((-4)/6). Is 129398/4 + 15*u/(-18) a prime number?
False
Let z be 180/(-22) - ((-70)/22 + 3). Is (25 + 3)*(10/z + 2) a prime number?
False
Let y be 1/(((-57)/18)/19). Let d(a) = 424*a**2 + 41*a - 17. Is d(y) a composite number?
True
Let l(o) = 4*o**2 - 17*o - 7. Let p(k) = 4*k**2 - 19*k - 8. Let g(c) = 5*l(c) - 4*p(c). Is g(-14) a composite number?
False
Let p(o) be the second derivative of -13*o**3/2 - 5*o**2/2 - 17*o. Let g be p(3). Let c = 411 - g. Is c prime?
False
Suppose 5*m - 2*t + 45006 = -4631, 3*m - 5*t = -29786. Let x = m + 17794. Is x prime?
True
Let l(k) = -8113*k - 578. Is l(-3) a prime number?
True
Let m = -34898 - -113587. Is m a composite number?
True
Suppose -4*w = 270*v - 274*v + 90452, -22589 = -v - 5*w. Is v prime?
False
Suppose -m = 4*m + 5. Is 48/6 - -1050 - m prime?
False
Suppose 3*z = 142*r - 147*r + 1629455, 2*r = 4*z + 651782. Is r prime?
True
Let v = 5538 - -27673. Is v a composite number?
False
Let y(s) be the first derivative of -39*s**2 - 23*s + 49. Let p(b) = b**3 - 2*b - 22. Let f be p(0). Is y(f) composite?
False
Suppose -7*o + 11 + 17 = 0. Suppose 3*z - 4*j - 223 = 0, z + o*z - 2*j = 353. Suppose 0 = -z*a + 64*a + 4105. Is a composite?
False
Suppose 3*u - 3*i = -9, -5 - 7 = -4*i. Suppose -10*n - 34096 + 85806 = u. Is n a prime number?
True
Suppose -26*q + 25*q = 32. Let j be (-4*(-8)/q)/((-1)/3). Suppose u + i - 505 - 1425 = 0, -j*i - 7699 = -4*u. Is u prime?
False
Suppose 7832903 - 38648 = 35*f. Is f a prime number?
False
Let v(r) = r**3 - 8*r**2 - 14*r - 1. Let j be v(9). Let s = 53 + j. Suppose s*a - 1086 = -281. Is a composite?
True
Suppose 5*j - 9*j = 0. Let h be 8 - 3 - (0 + j). Suppose -5*r + 1550 = h*r. Is r a prime number?
False
Suppose 0 = -2*t - 4*s + 137110, -11*s = 5*t - 9*s - 342791. Is t prime?
False
Let c = 805 - 1310. Let v be 4/(-22) - c/(-110)*-2. Is 58/8*(v - 1) prime?
False
Let f = 1 - -4. Let q be (411/274)/(6/32). Suppose -706 = -2*v - 4*y, q*v - 344 = 7*v - f*y. Is v prime?
True
Let f = 1195 + -829. Suppose f + 78 = -t. Let n = 911 + t. Is n a prime number?
True
Let h be -1*(3 + (4 - 11)). Suppose -4*z - h*p + 3984 = 0, -5*z + 4930 = -8*p + 3*p. Is z composite?
False
Let s(i) = -i**2 + 13*i - 4. Let t be s(12). Suppose -t*f + 1124 + 2052 = 0. Is f composite?
False
Let c = 8190 - 1116. Suppose 5*y - 11840 = 2*t - 7*t, -3*t = -3*y - c. Is t composite?
True
Suppose 2*q - 32 = -5*h, 4*q + q = 5*h + 115. Suppose -2*t + q*t = 45505. Is t composite?
True
Let b(s) = -s**3 + 34*s**2 - 68*s - 22. Let c be b(32). Let v(n) = 42*n**3 - 2*n**2 + 2*n - 1. Let h be v(1). Let a = h - c. Is a composite?
False
Let g(q) be the second derivative of -4*q**3/3 + 5*q**2 - 43*q. Let h be g(1). Is h/(-7) - (-13430)/14 a composite number?
True
Let g(i) = 2881*i**2 + i + 1. Suppose 0 = -12*u - 76 + 64. Is g(u) prime?
False
Let x be 3/(-2 - 21134/(-10566)). Let a = x + -9690. Suppose -21*t + 24*t = a. Is t a composite number?
False
Is (1 + -3)/((-2)/30341) composite?
False
Is 1212833/9 + (-60)/270 a prime number?
False
Let i(k) = 1137*k**2 - 1183*k - 9. Is i(-10) a composite number?
True
Let c(l) = l**3 - 14*l**2 + 6*l - 12. Let r be c(19). Let o = r + 506. Is o prime?
False
Let n(d) = 7*d**2 - 3*d + 107. Is n(15) a composite number?
False
Suppose 0 = 3*u - q - 1710994, -2*u + 1140686 = -2*q - 2*q. Is u a composite number?
False
Let l = -2759 - -4096. Suppose -x - 2*t = -l, 5*x + 16*t = 12*t + 6703. Is x composite?
True
Let r(o) = o**2 + 4*o + 3. Let c be r(-4). Suppose -4*z - 2 = -2*t, 3*t + c = 3*z - 0*t. Is z/4 + (-972)/(-8) a composite number?
True
Suppose -2*p = 7*t - 5*t + 1230, 3*t + 5*p = -1853. Suppose 1582 = -4*u - 2*w, 3*w = -0*u - 4*u - 1581. Let q = u - t. Is q a prime number?
False
Suppose 435*y = 433*y + 146322. Suppose y = 39*l - 30*l. Is l prime?
False
Suppose -5*o = 2*x - 146743, 4*x - 19*o + 18*o = 293519. Is x prime?
True
Suppose 20*p = -11*p + 248. Suppose p*d = d + 15127. Is d a composite number?
False
Let m = 33006 - -6287. Is m composite?
False
Let x be 2/(-4 - 88/(-20)). Is -6 + -3 + x - -1911 composite?
False
Let a = 171332 + -23211. Is a a composite number?
True
Is (-6)/(-5)*(-844635)/(-99) composite?
True
Let m(z) = 163*z**2 - 23*z + 73. Is m(3) a composite number?
False
Let c = -12 + 14. Let o(x) = -1 + x**c + 1 - 3 + 0*x**2. Is o(18) composite?
True
Let i(x) = x**2 - 4*x - 16. Let j(z) = 2*z - 14. Let p be j(10). Let h be i(p). Is (-22)/h*246/3 prime?
False
Suppose 53*z - 42*z = 450384. Let i = z + -24323. Is i prime?
False
Suppose -12*g + g + 1291690 = -g. Is g a prime number?
True
Let g(i) = 198*i**2 + 1077*i - 10. Is g(7) composite?
False
Let w(a) = -a**3 + 5*a**2 + 19*a - 52. Let y be w(-23). Suppose 2*m = 5*s + 28607, -2*m - 4*s + y = -m. Is m a composite number?
True
Let c(m) = 5087*m**2 - 506*m + 88. Is c(15) a composite number?
True
Suppose -16*z + 11342 = -14866. Suppose -39316 = -2*i + z. Is i composite?
False
Let k(r) = -1015*r + 4. Suppose 5*a - 3*j + 2*j + 9 = 0, -j + 4 = 0. Let z be k(a). Let u = z + -466. Is u a composite number?
True
Let r(k) be the first derivative of 962*k**3 + 22*k**2 - 7*k - 57. Is r(-3) composite?
True
Suppose 0 = -3*i - i + 48. Is 1 + (i/66 - (-64216)/11) prime?
True
Let m = 7569 - 2708. Is m prime?
True
Let n = 78 + -87. Let d be n/3 - 68/(-4). Is 6/21 - (-36102)/d a prime number?
True
Suppose 0 = 3*b + 5*t - 79178 - 60419, b + t = 46527. Is b composite?
True
Let g(n) = n**3 - 14*n**2 + 30*n - 69. Let m = -664 + 684. Is g(m) a prime number?
False
Suppose 0 = 4*n - 2*o - 1656, 2*o = n - 357 - 51. Suppose 4*s - n - 680 = 0. Let f = s + 45. Is f a prime number?
False
Let p = 67 - 65. Let b(u) = -72*u + 2*u**p - 56*u - 12 + 109*u - 37. Is b(24) composite?
False
Suppose -t = 5*t - 126. Suppose 3070 = -t*k + 89401. Is k composite?
False
Suppose -1219*o + 1218*o = -3*h - 11848, -2*h = -10. Is o composite?
False
Let i = 22451 - 10134. Is i prime?
False
Suppose 2*z - 11*z + 45 = 0. Suppose -14161 = -z*t - 0*h - 3*h, -5*t + 14145 = -5*h. Is t a composite number?
True
Let c = 17088 + -12034. Let a = 1985 + c. Is a prime?
True
Let l(i) = -i - 9. Let s be l(-11). Suppose -2*y + 3*k + 3601 = 0, y = -s*k - 938 + 2721. Is y composite?
True
Let g(q) = -358*q - 1094*q + 123 - 965*q. Is g(-14) prime?
True
Let s(u) = -7*u**2 + 3*u + 2. Let o be s(-1). Let d be o/(-2) - 7931/(-11). Let l = d - -948. Is l a composite number?
True
Let b be (1/2)/(9/(-18)). Let l be (-1 + b)*491*4/(-4). Suppose -2*h = -0*h - l. Is h a prime number?
True
Let d(b) = b**2 - b - 13. Let j(c) = -4*c**2 + 5*c + 53. Let r(v) = -9*d(v) - 2*j(v). Let g be r(-4). Is (-3)/(-6) + g + (-5481)/(-14) a composite number?
True
Suppose 5 = 2*t + r, 14 = 2*t - 3*r - 3. Suppose t*p - x = 2*x + 5, -5*p + 15 = 5*x. Suppose -185 = -4*h + 3*m, 3*m - 1 = p*m. Is h a prime number?
True
Let b be (-8246)/35*(6 - 1)*-12. Let v = 23359 - b. Is v a composite number?
True
Suppose 0 = -5*v - 4*y - 5 - 3, 4*v = 2*y + 4. Let t be v - ((-2)/2)/(4/8). Suppose -5*b - t*i = -21011, 0 = 7*b - 11*b + 2*i + 16798. Is b composite?
False
Let q(v) = -13*v - 43. Let h be q(-3). Is -1 + (6654872/252 - h/(-18)) composite?
False
Let f = 26222 + 73641. Is f a composite number?
True
Let i(z) be the second derivative of z**5/20 - 2*z**4/3 + z**3/6 - 5*z**2/2 - z. Let b be (-32)/10*715/(-286). Is i(b) a composite number?
False
Suppose 0 = -3*r - r + b + 18, -5*r + 21 = -2*b. Let w = -2374 + 3545. Suppose 3*y - 5*u = 884, -r*y + w = -y + u. Is y a prime number?
True
Suppose 110*q = 108*q - 3*c + 1963222, -24 = 3*c. Is q prime?
True
Suppose 5*j + q - 2476 = -0*q, 0 = q + 4. Let c be (21/(-12))/((-4)/j). Let w = 37 + c. Is w prime?
False
Suppose -s + 3*h = -72985, -32*h + 12 = -29*h. Is s a prime number?
True
Let x be ((-21)/(-28))/(-3)*-48. Is 60/(-360) - (-134126)/x a composite number?
False
Let w(s) = s + 1. Let d be w(2). Suppose 5*c - d*c = 4*l - 3990, -4*l + 3984 = 4*c. Is l a prime number?
True
Is -15 - (-714)/21 - -261148 a prime number?
True
Let h = -4629 - -6659. Let q = 4275 - 1040. Let o = q - h. Is o composite?
True
Suppose 9*a - 3*a = -71700. Let m be (-2)/(-13) - a/65. Let n = 871 + m. Is n prime?
False
Let c = 295715 - 25530. Is c a prime number?
False
